11) to base 8.
-1200306
What is 8598a (base 11) in base 9?
210375
Convert -37a7bb (base 12) to base 6.
-31301155
-10000000101110101101 (base 2) to base 10
-527277
Convert 23211114 (base 5) to base 15.
42409
What is -1367df (base 16) in base 11?
-79955a
11762 (base 10) to base 16
2df2
What is -132004213 (base 5) in base 16?
-a05a8
Convert 11212210202002 (base 3) to base 15.
363a4e
10012011012 (base 4) to base 13
2b77c3
-171a63 (base 13) to base 4
-2030123110
What is -2e175 (base 15) in base 4?
-210111203
What is 8c2159 (base 13) in base 6?
155035441
What is 966333 (base 12) in base 4?
21003301113
What is -505034 (base 8) in base 7?
-1262133
4010443 (base 6) to base 9
316010
What is 353043 (base 7) in base 15?
13c26
Convert -100b5 (base 12) to base 8.
-50611
What is -50450641 (base 8) in base 16?
-a251a1
What is 767026 (base 9) in base 10?
457836
Convert 10200003033 (base 4) to base 14.
229d95
Convert -1101010011000001000110 (base 2) to base 11.
-1a709a9
Convert 62e13 (base 16) to base 15.
8000b
1034030 (base 8) to base 2
1000011100000011000
What is 13613610 (base 9) in base 13?
1520274
Convert -a60930 (base 11) to base 4.
-12132322112
What is -115cb1 (base 13) in base 8?
-1446523
Convert 13021441 (base 5) to base 8.
367040
Convert 1cfae6 (base 16) to base 4.
13033223212
What is -21212212210 (base 3) in base 15?
-30eb0
Convert 1b1b43 (base 15) to base 4.
11002302303
What is 454c0 (base 14) in base 6?
3335200
-1201304311 (base 5) to base 7
-32313343
3cc762 (base 14) to base 15
2b9ca0
What is -2810980 (base 13) in base 8?
-60213104
1040052331 (base 6) to base 2
101010101111011101111111
What is -10221022112121 (base 3) in base 12?
-84b014
610d23 (base 14) to base 11
1932284
Convert -1131522331 (base 6) to base 5.
-11221421212
Convert 29396 (base 11) to base 10.
41729
3591739 (base 10) to base 8
15547073
Convert 102a481 (base 13) to base 14.
91a214
What is 241340 (base 9) in base 3?
21101101100
Convert -1660535 (base 8) to base 5.
-110434202
5901b (base 14) to base 16
34ee1
Convert 23458 (base 11) to base 8.
102036
Convert 1330321 (base 6) to base 7.
425503
What is 5332745 (base 9) in base 13?
790001
What is 28636 (base 11) in base 9?
61736
-915177 (base 11) to base 14
-2a40c8
What is -66214 (base 8) in base 14?
-a1ac
12643500 (base 8) to base 14
53b8c0
Convert 13222121101 (base 4) to base 10.
2008657
-1969311 (base 10) to base 3
-10201001101110
-1a39a56 (base 11) to base 9
-6421672
Convert -4112ce (base 15) to base 8.
-13627260
What is -6207a3a (base 11) in base 8?
-51642166
Convert a940a (base 11) to base 12.
77b43
-1518a7 (base 15) to base 3
-1220201012111
What is 101111001001010110 (base 2) in base 5?
22134420
Convert c89c (base 15) to base 6.
524303
What is 1204312 (base 5) in base 15?
69c2
Convert -565346 (base 7) to base 11.
-69426
Convert -955523 (base 10) to base 7.
-11056532
What is -13660618 (base 9) in base 5?
-3213141310
-215202 (base 8) to base 2
-10001101010000010
345640 (base 11) to base 10
549142
Convert 102121201001122 (base 3) to base 11.
3538140
Convert -13025153 (base 6) to base 3.
-210112010120
What is -11340 (base 13) in base 14?
-b5ad
What is -718254 (base 10) in base 2?
-10101111010110101110
What is -720121 (base 8) in base 10?
-237649
2199933 (base 14) to base 13
34017ca
What is 144476 (base 8) in base 15?
103e8
What is -19719f (base 16) in base 14?
-315983
What is 7b269 (base 16) in base 7?
4200425
Convert 58437 (base 11) to base 13.
2c537
Convert 20222057 (base 8) to base 7.
51200236
35a55 (base 11) to base 13
1a7a4
46b25 (base 16) to base 4
1012230211
What is -22665 (base 11) in base 4?
-13333211
114303e (base 16) to base 6
1443541342
Convert 2854b1 (base 12) to base 13.
1a7388
Convert 1200211200120 (base 3) to base 9.
1624616
What is -209206 (base 10) in base 15?
-41ec1
Convert -10010020122120 (base 3) to base 4.
-12110311230
What is a54d9b (base 15) in base 6?
440312502
Convert -120420300 (base 5) to base 12.
-230590
1011110101110111111001 (base 2) to base 7
35246201
-1631162 (base 7) to base 10
-226130
Convert a03bee (base 16) to base 13.
2238991
Convert -1222022210001 (base 3) to base 4.
-10000033333
Convert 62852 (base 9) to base 13.
15b8a
-14261233 (base 8) to base 10
-3236507
10100110101001101000 (base 2) to base 10
682600
What is -10213422 (base 8) in base 2?
-1000010001011100010010
Convert 1ba7961 (base 12) to base 11.
339a871
Convert -1111111011111111110011 (base 2) to base 10.
-4177907
What is 333213112 (base 4) in base 12?
10695a
Convert -4000110004 (base 5) to base 2.
-11101110100010000111110
What is 443fe (base 16) in base 9?
465421
-100212011122 (base 3) to base 15
-3c75e
-32220330101 (base 4) to base 16
-3a8f11
Convert 12013121 (base 4) to base 2.
110000111011001
What is 5506133 (base 7) in base 5?
133040121
What is 2204443 (base 6) in base 15?
22869
-212414 (base 5) to base 7
-30043
Convert -35a1c (base 16) to base 8.
-655034
What is 108772 (base 9) in base 10?
65513
What is -828b3 (base 12) in base 15?
-35856
3171047 (base 11) to base 8
25221523
Convert 551 (base 7) to base 13.
188
-599403 (base 14) to base 9
-5674005
What is 225005425 (base 6) in base 15?
570a85
-1725144 (base 8) to base 9
-845111
What is -4714002 (base 8) in base 3?
-2102020110012
-10104131 (base 5) to base 15
-1937b
101221214 (base 5) to base 3
210000210220
-232888 (base 11) to base 5
-43313001
What is -3646776 (base 9) in base 12?
-7b5913
What is 1453025 (base 8) in base 4?
1211120111
-625214 (base 8) to base 4
-302222030
Convert -641235 (base 14) to base 11.
-1a01324
What is 1b7aa27 (base 13) in base 16?
8b623c
Convert -100220002020 (base 3) to base 13.
-6a812
What is -12823b (base 15) in base 12?
-369b6b
What is 4210110 (base 6) in base 16?
31afa
31240300 (base 6) to base 3
1201002121000
Convert d37439 (base 14) to base 3.
111102002102002
Convert 59141a (base 11) to base 12.
3933a4
Convert -213e1 (base 16) to base 11.
-93333
-36591 (base 13) to base 7
-564021
What is 11a35b (base 13) in base 7?
3406336
45487a (base 13) to base 11
a198aa
What is 1011011111011011 (base 2) in base 11?
323a9
What is 16536 (base 13) in base 12?
20809
1001011110010111111 (base 2) to base 11
1a228a
-10121001102000 (base 3) to base 8
-7223005
Convert -2420015 (base 6) to base 4.
-133000223
Convert -101010011101001110010 (base 2) to base 13.
-39930a
24653311 (base 7) to base 9
4171301
What is -1a6334 (base 11) in base 9?
-531231
What is -23347c (base 13) in base 5?
-203220024
46402100 (base 8) to base 3
200222210212020
Convert 126274 (base 15) to base 8.
3271432
Convert 3218124 (base 9) to base 6.
100545421
What is -71274 (base 11) in base 16?
-196cd
What is 5297730 (base 10) in base 5?
2324011410
3a4697 (base 13) to base 3
2122121100120
-4a1687 (base 11) to base 13
-219ac0
2770b (base 14) to base 5
11104143
-2310235 (base 10) to base 14
-441ccb
2235454 (base 6) to base 13
3cb80
Convert 124351011 (base 6) to base 3.
11121210012021
152350011 (base 6) to base 2
1100001101110101110111
cd910 (base 14) to base 8
1715412
What is 14a5027 (base 11) in base 9?
4744727
a7c23b (base 13) to base 5
2002031414
What is -1b8aa (base 15) in base 6?
-1531154
45244005 (base 6) to base 5
322442004
What is 9d605 (base 14) in base 13?
1051b7
Convert a7470 (base 11) to base 10.
156288
-111004023 (base 5) to base 13
-13c921
Convert 4c3c0 (base 14) to base 10.
187348
Convert 4a6c3 (base 15) to base 7.
2010150
What is 2ad433 (base 14) in base 9?
2730485
What is -673368 (base 10) in base 6?
-22233240
Convert 10232331201 (base 4) to base 3.
2100001020100
-573a06 (base 14) to base 5
-1224440410
572856 (base 13) to base 8
7673601
What is 22201221000 (base 3) in base 10?
171990
-3188531 (base 10) to base 5
-1304013111
What is 48821 (base 9) in base 2?
111111111100111
Convert 102210200011 (base 3) to base 2.
111000101101111000
Convert 1001010000111000010 (base 2) to base 11.
198079
What is 315262 (base 12) in base 5?
144314414
-41cbb (base 13) to base 16
-1cf5f
Convert a9c5 (base 13) to base 5.
1224102
What is 2442320 (base 5) in base 7?
252550
What is 1270253 (base 8) in base 10?
356523
-3341222 (base 10) to base 8
-14575646
3662b8 (base 12) to base 7
10331402
-202212 (base 10) to base 14
-5399a
1112000 (base 4) to base 13
2675
67555 (base 9) to base 14
1252c
-8d207 (base 15) to ba